e factors of 281137288.
2, 61, 576101
List the prime factors of 233853928.
2, 7, 11, 379633
What are the prime factors of 4165748312?
2, 11, 4303459
What are the prime factors of 1321010456?
2, 10529, 15683
List the prime factors of 104162736.
2, 3, 1213, 1789
What are the prime factors of 1056246200?
2, 5, 1823, 2897
What are the prime factors of 1799455961?
1799455961
What are the prime factors of 18628068?
2, 3, 23, 67493
What are the prime factors of 237858538?
2, 118929269
What are the prime factors of 309114660?
2, 3, 5, 199, 25889
List the prime factors of 402454416.
2, 3, 7, 13, 199, 463
List the prime factors of 384290313.
3, 11, 157, 613
List the prime factors of 614430255.
3, 5, 1361, 30097
List the prime factors of 56548480.
2, 5, 149, 593
List the prime factors of 112519512.
2, 3, 7, 223253
List the prime factors of 2304342687.
3, 197, 3899057
What are the prime factors of 144464956?
2, 73, 494743
List the prime factors of 413848822.
2, 31, 107, 62383
List the prime factors of 93374939.
7, 37, 51503
List the prime factors of 495583225.
5, 4129, 4801
List the prime factors of 19593490.
2, 5, 7, 41, 6827
List the prime factors of 283269672.
2, 3, 7, 562043
What are the prime factors of 3622470410?
2, 5, 13, 71, 392467
What are the prime factors of 212878217?
212878217
What are the prime factors of 250026215?
5, 23, 2174141
What are the prime factors of 44167909?
311, 142019
List the prime factors of 9673508.
2, 13, 19, 9791
List the prime factors of 428212526.
2, 7, 233, 251, 523
What are the prime factors of 72503585?
5, 7, 11, 26903
List the prime factors of 294677701.
41, 101, 71161
What are the prime factors of 156208457?
229, 499, 1367
What are the prime factors of 1041336229?
1041336229
List the prime factors of 1203637693.
113, 10651661
List the prime factors of 82663086.
2, 3, 11, 941
What are the prime factors of 80118231?
3, 19, 1405583
List the prime factors of 3623316562.
2, 3137, 577513
What are the prime factors of 360916167?
3, 31, 37, 53, 1979
List the prime factors of 1509294385.
5, 23, 107, 173, 709
List the prime factors of 170330960.
2, 5, 281, 7577
List the prime factors of 219308089.
7, 11, 13, 19, 887
List the prime factors of 76274126.
2, 38137063
List the prime factors of 49130684.
2, 2777, 4423
List the prime factors of 5261974355.
5, 11, 53, 1805137
List the prime factors of 164717345.
5, 13, 941, 2693
List the prime factors of 28417373.
2467, 11519
List the prime factors of 134726369.
41, 61, 103, 523
What are the prime factors of 258327526?
2, 31, 1597, 2609
List the prime factors of 4205135898.
2, 3, 19, 151799
What are the prime factors of 4810543531?
163, 491, 60107
List the prime factors of 950644615.
5, 12919, 14717
What are the prime factors of 205606397?
205606397
List the prime factors of 5334755385.
3, 5, 41, 8674399
List the prime factors of 207182399.
207182399
What are the prime factors of 14884453?
29, 513257
List the prime factors of 358010769.
3, 17, 61, 115079
List the prime factors of 1064860658.
2, 13829, 38501
What are the prime factors of 943753926?
2, 3, 151, 1041671
List the prime factors of 184405924.
2, 97, 475273
What are the prime factors of 2875467185?
5, 575093437
List the prime factors of 1143702008.
2, 139, 1028509
What are the prime factors of 298078097?
523, 569939
What are the prime factors of 902577379?
11, 17, 1907, 2531
List the prime factors of 29502772.
2, 13, 61, 71, 131
List the prime factors of 554170654.
2, 277085327
What are the prime factors of 113745186?
2, 3, 6319177
List the prime factors of 19677518.
2, 7, 199, 1009
What are the prime factors of 70989959?
70989959
List the prime factors of 27747677.
27747677
List the prime factors of 440726681.
440726681
List the prime factors of 985733142.
2, 3, 29, 479, 11827
List the prime factors of 108916255.
5, 7, 271, 11483
List the prime factors of 64098128.
2, 4006133
What are the prime factors of 4243772862?
2, 3, 7, 33680737
What are the prime factors of 107113646?
2, 29, 109, 16943
List the prime factors of 7606152.
2, 3, 149, 709
What are the prime factors of 71141816?
2, 8892727
What are the prime factors of 1395946689?
3, 465315563
What are the prime factors of 32512778?
2, 3011, 5399
List the prime factors of 882551264.
2, 7, 43, 59, 1553
List the prime factors of 2220503845.
5, 7, 9063281
List the prime factors of 496056468.
2, 3, 53, 409, 1907
List the prime factors of 125275451.
7, 37, 101, 4789
What are the prime factors of 38813913?
3, 4312657
List the prime factors of 14154504.
2, 3, 7, 13, 6481
What are the prime factors of 3939647?
23, 103, 1663
What are the prime factors of 46769702?
2, 7, 37, 90289
List the prime factors of 79713329.
79713329
What are the prime factors of 2835234853?
11, 19, 37, 33331
What are the prime factors of 2092601701?
2092601701
List the prime factors of 663863152.
2, 983, 42209
What are the prime factors of 381235686?
2, 3, 13, 4887637
List the prime factors of 3335297797.
13, 2011, 127579
What are the prime factors of 126253178?
2, 63126589
What are the prime factors of 89098117?
89098117
What are the prime factors of 1400273399?
7, 37, 229, 23609
What are the prime factors of 91656547?
151, 606997
List the prime factors of 469671085.
5, 13, 7225709
List the prime factors of 70255648.
2, 79, 27791
What are the prime factors of 905652060?
2, 3, 5, 113, 223, 599
List the prime factors of 3031513.
157, 19309
List the prime factors of 1439851274.
2, 19, 37890823
What are the prime factors of 719685011?
991, 726221
List the prime factors of 935763918.
2, 3, 155960653
List the prime factors of 135490259.
547, 247697
List the prime factors of 11112540.
2, 3, 5, 89, 2081
What are the prime factors of 21042074?
2, 401, 26237
List the prime factors of 1404033427.
1404033427
List the prime factors of 1839543615.
3, 5, 7, 13, 19, 37, 71
What are the prime factors of 2228862?
2, 3, 43, 53, 163
What are the prime factors of 734472893?
7, 11, 41, 83, 2803
List the prime factors of 181852281.
3, 13, 17, 541
What are the prime factors of 3882048712?
2, 139, 3491051
List the prime factors of 298619293.
7, 29, 1471031
What are the prime factors of 616628204?
2, 19, 8113529
What are the prime factors of 9036807?
3, 13, 139, 1667
List the prime factors of 98879555.
5, 701, 28211
List the prime factors of 28868556.
2, 3, 317, 7589
What are the prime factors of 5459604?
2, 3, 454967
What are the prime factors of 47602436?
2, 7, 1700087
List the prime factors of 51320305.
5, 10264061
List the prime factors of 668961932.
2, 193, 653, 1327
What are the prime factors of 3078516329?
7, 43, 10227629
List the prime factors of 96301177.
7, 19, 67, 101, 107
List the prime factors of 237575618.
2, 7, 2424241
What are the prime factors of 774981030?
2, 3, 5, 25832701
What are the prime factors of 5633885297?
5633885297
What are the prime factors of 248562308?
2, 151, 411527
List the prime factors of 1775663661.
3, 591887887
What are the prime factors of 115098113?
13, 157, 56393
List the prime factors of 7924342598.
2, 47, 84301517
List the prime factors of 159311305.
5, 311, 102451
What are the prime factors of 67301649?
3, 7477961
What are the prime factors of 587164961?
19, 107, 288817
List the prime factors of 14950166.
2, 7, 11, 193, 503
List the prime factors of 844994755.
5, 11, 59, 260399
What are the prime factors of 285068546?
2, 7, 17, 1197767
List the prime factors of 5712627086.
2, 113, 1151, 21961
What are the prime factors of 59519402?
2, 29759701
What are the prime factors of 594036108?
2, 3, 16501003
What are the prime factors of 3812935974?
2, 3, 937, 678217
List the prime factors of 665095504.
2, 101, 411569
What are the prime factors of 5294064698?
2, 13, 23, 8852951
What are the prime factors of 5997803059?
34253, 175103
List the prime factors of 208707547.
5113, 40819
List the prime factors of 136853703.
3, 7, 23, 94447
What are the prime factors of 524059421?
5081, 103141
What are the prime factors of 8055841818?
2, 3, 1342640303
What are the prime factors of 2000654670?
2, 3, 5, 7, 109, 87403
What are the prime factors of 1046694800?
2, 5, 19, 137723
What are the prime factors of 765472126?
2, 382736063
What are the prime factors of 1742052072?
2, 3, 72585503
List the prime fa